mainder when i(7) is divided by x.
11
Suppose -6 = -2*s - 16. Let t(l) = -2*l + 7. Let g(m) = -m + 1. Calculate the remainder when t(s) is divided by g(-5).
5
Suppose -4*y - 1 + 29 = 0. What is the remainder when 19 is divided by y?
5
Let h = -3 - -12. Let c(v) = v**2 - 6*v - 6. What is the remainder when 40 is divided by c(h)?
19
Suppose 210 = 15*m - 15. Suppose -4*i = -2*i + 12. Let y = i - -12. Calculate the remainder when m is divided by y.
3
Let v = 2 + 0. Let h be ((-6)/(-8))/(v/(-1256)). What is the remainder when 50 is divided by (-1)/6 - h/18?
24
Let j = 115 + -60. What is the remainder when j is divided by 14?
13
Let x = 40 + -20. Calculate the remainder when (1 + 9/15)*x is divided by 17.
15
Suppose 1 = b - 1. Suppose b*q = -j + 13, -j + 3*q = -6*j + 72. What is the remainder when 57 is divided by j?
12
Suppose -p + 1 = -l + 24, -4*p + 124 = 4*l. Let c = -140 - -220. Calculate the remainder when c is divided by l.
26
Let u = 101 + -57. What is the remainder when u is divided by 23?
21
Suppose -5*z - z = -372. Calculate the remainder when z is divided by 16.
14
Let p be 2/(-10) - 138/(-15). Let m be p/6*16/3. Suppose v + v = m. Calculate the remainder when 6 is divided by v.
2
Let s = 2 + -4. Let j = 23 - s. Calculate the remainder when j is divided by 9.
7
Let o(d) = d - 3. Let h be o(0). Let c be (-230)/(-26) - (-18)/117. Let l = h + c. Calculate the remainder when 16 is divided by l.
4
Suppose 5*l = 24 + 86. Let q = 23 - 15. What is the remainder when l is divided by q?
6
Let x = 20 - 7. Let r = 18 + 32. What is the remainder when r is divided by x?
11
Let t = 7 - -9. What is the remainder when 29 is divided by t?
13
Let l(r) = -9*r - 11. What is the remainder when l(-5) is divided by 6?
4
Suppose 5*d - 53 = 62. Let v = d + -14. What is the remainder when 26 is divided by v?
8
Let z(o) = -5 + 4 - o - 5*o**2 - o**3 + 4. Let u(k) = 7*k**3 + k**2. Let l be u(-1). Calculate the remainder when z(l) is divided by 12.
9
Suppose 10*p - 7*p - 12 = 0. What is the remainder when 30 is divided by p?
2
Let a = 4 + -2. Suppose 2*u = u - a. Let i = 5 - u. What is the remainder when 20 is divided by i?
6
Calculate the remainder when 26 is divided by -20*(5/(-2) - -2).
6
Suppose 3*f = 9, f = 4*o + 4*f - 293. Suppose i + 2*y + 44 = 0, -i + 4*y = i + 104. Let k = i + o. What is the remainder when 45 is divided by k?
22
Let i = -32 - -65. Calculate the remainder when i is divided by 7.
5
Let u(f) = -f**3 - 8*f**2 - 12*f - 9. Let p be u(-8). Suppose 4*z + 2*v = 60 + 30, -4*z - v = -p. Calculate the remainder when z is divided by 11.
10
Suppose 3*n + 0*n = 9. Suppose 0*o = -3*o + n. Let a = o + 4. Calculate the remainder when 13 is divided by a.
3
Suppose 10 = -3*a + 16. Suppose -9 = -a*r + 19. Suppose -4*n - 52 = -2*w, 4*n + 20 + 110 = 5*w. Calculate the remainder when w is divided by r.
12
Suppose 4*q + 4*h - 8 = 0, 4*q + 2*h = -3*h + 6. Let p = -55 + 61. What is the remainder when p is divided by q?
2
Suppose -313 - 47 = -4*q. Calculate the remainder when q is divided by 31.
28
Let g(i) = -i**3 - 7*i**2 + i + 9. Let l be g(-7). Suppose l*q - 5*y = 6*q - 41, 4*q - 71 = 5*y. What is the remainder when q is divided by 5?
4
Let j = -84 + 119. Suppose -5*u + 0*u = -60. Calculate the remainder when j is divided by u.
11
Suppose 2*y + 3*n - 108 = 2*n, 5*y - n - 270 = 0. Suppose 0 = -3*a - 2*o + y, 4*o + 4 - 16 = 0. What is the remainder when 34 - (1 - 0) - 2 is divided by a?
15
Let i(q) = q**2 + q. What is the remainder when 35 is divided by i(3)?
11
Let b = -18 + 25. Calculate the remainder when 12 is divided by b.
5
Suppose -5*i + 0*w - 3*w = -24, 4*w - 12 = 0. Suppose 4 = -4*b, 0 = i*h + 4*b - 25 - 1. Calculate the remainder when 16 is divided by h.
6
Suppose -4*z = 8, -6*z = 4*a - z - 78. Let v be (0 + 3)*2/6. What is the remainder when ((-1)/2)/(v/(-130)) is divided by a?
21
Suppose -g + 25 = d, 0 = g + 1 - 2. Calculate the remainder when 94 is divided by d.
22
Let o(k) = 21*k - 47. Calculate the remainder when o(5) is divided by 15.
13
Let j = -16 - -22. Let l(n) = -n**2 + 9*n + 1. Let u be l(9). Let t(c) = 17*c - 1. What is the remainder when t(u) is divided by j?
4
Let v(o) = -o**3 + 15*o**2 - 13*o + 8. Let r be v(14). Calculate the remainder when r - 2/(-2)*2 is divided by 9.
6
Suppose -32 = -4*p + 4*a, 24 = 2*p - 2*a - 2*a. Suppose -4*x - t = -0*x - 32, 0 = -5*x + p*t + 40. Calculate the remainder when 31 is divided by x.
7
Let f(b) = -3*b**2 - 5*b - 3. Let u be f(4). Let g = 112 + u. Calculate the remainder when g is divided by 14.
13
Suppose 2*u - 6*u + 5*h = -55, 0 = 5*u + 3*h - 78. Let f(i) = -1 - i + 1. Calculate the remainder when u is divided by f(-6).
3
Let r be (-4)/(-3) - 6/18. What is the remainder when 40/r + -10 + 7 is divided by 20?
17
What is the remainder when 90 is divided by 11/110 - (-229)/10?
21
Suppose 0 = 24*f + 2*f - 364. What is the remainder when (2 + -1)/((-2)/(-106)) is divided by f?
11
Let s(o) = -o - 11. Let w be s(-12). Suppose w = -q + 13. Calculate the remainder when 35 - (2 - (-1)/(-1)) is divided by q.
10
Let l = -158 + 247. What is the remainder when l is divided by 23?
20
Let u(s) = s**3 - 13*s**2 - 14*s. Let b be u(14). Suppose -i + 12 + 17 = b. Calculate the remainder when i is divided by 15.
14
Suppose -21*f = 3*f - 192. Suppose 2*h - 29 = -w + 5*h, -2*h = 4*w - 46. Calculate the remainder when w is divided by f.
6
Let v(k) = k**2 - k + 18. Let d be v(0). Let p be (d + 2)/(3/(-6)). Let g = p - -71. What is the remainder when g is divided by 16?
15
Let w = 8 + -8. Suppose -4*f = -w*f - 124. Calculate the remainder when f is divided by 8.
7
Suppose 0 = -3*z - 0 + 3. Suppose 4*u - 51 - z = 0. What is the remainder when 37 is divided by u?
11
Suppose -192 = -10*p + 88. Calculate the remainder when p is divided by 16.
12
Let p be (-2)/(-8) + 7/4. Suppose -40 = -5*i - l - 0*l, 55 = 5*i - p*l. Let f(h) = h**3 + 4*h**2 - 4*h + 1. Calculate the remainder when f(-4) is divided by i.
8
Let p(j) = 52*j**2 - j - 1. Let l(u) = -u**2 - 5*u - 1. Let g be l(-5). Let v be p(g). Suppose -3*f = -2*f - v. What is the remainder when f is divided by 18?
16
What is the remainder when 54/(-15)*(-6 - (-2)/2) is divided by 11?
7
Let b(m) = -13*m**3 - m**2 - m - 1. Calculate the remainder when 47 is divided by b(-1).
11
Suppose 2 = m - 3. Suppose h - 8 = 2*b, b = h - m - 4. Calculate the remainder when h is divided by 4.
2
Suppose -2*t = -3 - 3. What is the remainder when 43 is divided by (15 - 0) + 0/t?
13
Let d = 6 + -4. Let s = d + -4. Calculate the remainder when 34 is divided by (-35)/s + 3/6.
16
Let r(g) = 2*g**3 - g**2 + 2*g + 1. What is the remainder when r(3) is divided by 11?
8
Let f(b) = -b**2 + 4*b - 3. Let u be f(2). Calculate the remainder when 17 is divided by ((-1 - -11) + -1)/u.
8
Let t(j) = j**2 - 3. Suppose -2*h + 0 = 6. Let w be t(h). Calculate the remainder when 40 is divided by (-84)/8*(-8)/w.
12
Suppose f - 15 = 3*n + 5, 180 = 5*f + 5*n. Calculate the remainder when f is divided by 17.
15
Suppose -5*b = -0*p + 3*p - 246, b - 52 = -2*p. What is the remainder when b is divided by 17?
14
Let n(s) = 19*s**2 - s. What is the remainder when 59 is divided by n(-1)?
19
Suppose -1152 = v - 10*v. Calculate the remainder when v is divided by 27.
20
Suppose -o + 27 = -4*u, 4*o - 4*u - 55 - 113 = 0. Calculate the remainder when o is divided by 5.
2
Let f be (3 + -12)*5/3. Let s(t) = -t - 10. What is the remainder when 12 is divided by s(f)?
2
Suppose -n = 4*k - 636 + 107, -106 = -k + 5*n. Calculate the remainder when k is divided by 44.
43
Let w be 2*(2 - 3) - -6. Suppose -3*u = w*t - 110 + 8, u = -2*t + 36. Calculate the remainder when u is divided by 8.
6
Let b = -11 + 53. What is the remainder when b is divided by 15?
12
Let f(c) = 2*c**2 + c - 5. Suppose -4*v = g - 59 - 0, 0 = 2*g + 5*v - 124. Calculate the remainder when g is divided by f(-4).
21
Suppose 5*k - 2*k = 0. Suppose -5*u - 68 = -3*y + 26, 5*y - 3*u - 146 = k. Suppose -60 = -d - 3*d. What is the remainder when y is divided by d?
13
Let t = -2 - 4. Let i(f) = -f**2 - 9*f - 13. What is the remainder when 18 is divided by i(t)?
3
Calculate the remainder when 27 + 7/((-21)/9) is divided by 13.
11
Suppose 24 = 5*g - 6. What is the remainder when 16 is divided b